 factors of h.
2, 37
Let y = -74 - -79. Suppose 0 = -y*r + 3*u + 511, -4*u + 309 = 3*r - 7*u. Let x = r - 87. What are the prime factors of x?
2, 7
Let a = 285 + -89. Suppose -2*r = -x - a, 2*x = -0*r - 2*r + 208. List the prime factors of r.
2, 5
Let x = -8868 - -12637. What are the prime factors of x?
3769
Suppose 4*i + 8026 = x, x = i + 6229 + 1773. What are the prime factors of x?
2, 7, 571
Let a(c) = -479*c + 5669. List the prime factors of a(-32).
3, 2333
Let z be 1/(3/33) - (-25 - -25). Suppose -p + 836 = 5*q, -z*q - 3248 = -4*p - 7*q. What are the prime factors of p?
2, 3, 17
Let t(g) = -6*g**3 + 5*g**2 + 4*g + 8. Let z be t(7). Let h = z + 2635. What are the prime factors of h?
2, 3, 11, 13
Let z(r) be the third derivative of 0 - 11/3*r**3 + 3/4*r**4 + 0*r - 1/60*r**5 - 22*r**2. What are the prime factors of z(16)?
2, 5
Let g = 11509 - 7979. List the prime factors of g.
2, 5, 353
Let v(u) = -u**3 + u**2 - 5*u - 7. Let s be v(-1). Suppose 27*b - 29*b - r + 1867 = 0, s = -4*b - 5*r + 3725. List the prime factors of b.
5, 11, 17
Suppose -4*t + 5*l - 25 = 0, 2*t = 66*l - 67*l - 9. Let n(i) be the third derivative of -3*i**4/4 + 2*i**3/3 + i**2. List the prime factors of n(t).
2, 47
Let p = -666 - -14996. List the prime factors of p.
2, 5, 1433
Let t = -391 - 30. Let v = t + 778. What are the prime factors of v?
3, 7, 17
List the prime factors of -8 - (-13 + 2)*335.
3677
Let d(f) = 145*f**3 - 3*f**2 + 6*f - 60. List the prime factors of d(4).
2, 11, 19
What are the prime factors of 81852/20 + 21/(-35)?
2, 3, 11, 31
Suppose -4*h - 4 = -2*i, 5*h = -i - 12 - 0. What are the prime factors of (-4541)/(-57)*(-48)/i?
2, 239
What are the prime factors of (-3 + 3 + -12)*335/(-6)?
2, 5, 67
Let f(g) = -g**3 - g**2 + 6*g + 3. Let p be f(-3). Let w be (-1)/((-18)/(-12)) - (-20)/p. Suppose -609 = -w*a + 363. List the prime factors of a.
2, 3
Let k = -16194 + 23926. What are the prime factors of k?
2, 1933
Suppose 4*j - 5906 = 2786. Suppose -9*r + j = 382. Suppose 0 = 4*p - r + 79. List the prime factors of p.
2, 3, 5
Let r(u) = u**3 + 19*u**2 + 12*u - 2. Let f be ((-8)/50)/(6/(-30))*-20. What are the prime factors of r(f)?
2, 7, 41
Let n(t) = 3*t**2 - 3*t + 55. Let f be n(0). Let g be 30/f + (-27)/(-11). Suppose 0 = 2*h - g*o - 16, -3*o - 40 = h - 6*h. List the prime factors of h.
2
Let q = 14780 + 2226. List the prime factors of q.
2, 11, 773
Let i(q) = q**2 - q. Let z(n) = -n**3 + 12*n**2 + 10*n - 6. Let s(k) = 6*i(k) - z(k). Let x be s(8). List the prime factors of 3/(-6) + 957/x.
3, 53
Suppose 2*b = 6*b - 16. Let u = 1918 + -1919. List the prime factors of ((-13)/u)/(b - 3).
13
Let y(v) be the first derivative of -1/2*v**2 - 8 + 1/4*v**4 + 12*v - 3*v**3. What are the prime factors of y(9)?
3
Let g(m) = -166*m**3 - 3*m**2 - m - 2. Let k be g(-2). Let a be 1/(-1) + 12*51/68. Suppose a*z - z = k. What are the prime factors of z?
2, 47
What are the prime factors of (2616/(-21))/(-2)*100 + (-132)/(-308)?
6229
Let p(g) = -2 + g**3 + g**3 + 9*g**2 - 9*g - g**3. Let b be -7 + (-7)/(-10 + 3)*-2. What are the prime factors of p(b)?
79
Let r(a) = 63*a + 21. Let f be r(-2). Let c = f + 109. Suppose 4*x - c = 0, -3*b - 231 + 832 = -2*x. What are the prime factors of b?
3, 67
Let a(r) be the first derivative of 32*r**3/3 + 7*r**2 + 14*r - 34. List the prime factors of a(4).
2, 3, 97
Let u(w) = -w**3 + 47*w**2 - 47*w + 291. What are the prime factors of u(46)?
5, 7
Let y = 280 - 441. Let b = -4814 + 5223. Let v = b + y. What are the prime factors of v?
2, 31
Let f be (-7)/(-1)*1 + -4. Suppose -3*b + c = -b - 303, 0 = 4*c - 20. Suppose 2*w - 77 = -l, f*w = 2*l - 2*w - b. List the prime factors of l.
7, 11
Suppose -148 = -16*l + 12. Let u(t) = 3*t**3 - 20*t**2 + 27*t - 10. List the prime factors of u(l).
2, 3, 5, 7
Let l(i) = -39*i - 96. What are the prime factors of l(-49)?
3, 5, 11
Let z(a) = 133*a - 12. Let h(c) = -33*c + 3. Let d(p) = 22*h(p) + 6*z(p). Let t(o) = -143*o + 13. Let b(s) = -5*d(s) - 3*t(s). List the prime factors of b(2).
3, 43
List the prime factors of 1225/(-50)*(-9852)/21 - (-5)/(-1).
11489
Suppose -3*b + 4668 = -4*d, -4*d + 3501 = -7*d - 5*b. Let r = -815 - d. List the prime factors of r.
2, 11
Suppose 1858*j = 1870*j - 93036. List the prime factors of j.
7753
Suppose 103691 = 5*g - 59104. What are the prime factors of g?
3, 10853
Let g(p) = 6*p**2 - 3*p - 15. Let b be g(-9). Suppose -3*x + b = -2*x - 2*r, 4*x + 5*r - 1953 = 0. List the prime factors of x.
2, 3, 41
Let d(z) = -6*z**3 + 268*z**2 + 5*z + 89. List the prime factors of d(40).
11, 4099
Let f be 25977*7/21 + -8. Suppose 4*m - 3*h - f = -2205, -5*h = 3*m - 4849. List the prime factors of m.
1613
Let s be 0 + -1*(-1)/(-1). Let r(k) = -36*k**2 - 3*k + 5 - 251*k**3 - 6 + 34*k**2. List the prime factors of r(s).
251
Let h = 88269 + -60175. What are the prime factors of h?
2, 11, 1277
Suppose -57*k + 68247 = 3*m - 52*k, -m = -5*k - 22729. List the prime factors of m.
2, 2843
Suppose 9*y = 6*y + 198. What are the prime factors of ((-22)/y)/(4/174)*-6?
3, 29
Let b(f) = 118*f**2 - 120. List the prime factors of b(8).
2, 929
Let x = 10038 - 4396. List the prime factors of x.
2, 7, 13, 31
Suppose -80 = -5*g + h, -1 + 6 = -h. Let j(q) = 5*q + 31 + 52*q - g*q + 1. What are the prime factors of j(4)?
2, 5
Let t = 4468 + 2040. List the prime factors of t.
2, 1627
What are the prime factors of 4*(-7629)/(-96)*8?
2543
Let j = -177 + 192. List the prime factors of (-35216)/(-40) - (81/j - 5).
2, 5, 11
Let m be (0/6)/(-5 - -3). Suppose m = 4*y + 53 - 1637. What are the prime factors of y?
2, 3, 11
List the prime factors of 14/1400*-5 - (-425521)/20.
2, 3, 197
Let t = 27 + -25. Suppose b + t*m - 318 = -m, 0 = -5*b - 2*m + 1577. Suppose 11*c - 16*c = -b. What are the prime factors of c?
3, 7
Let j(w) = 10*w**2 - 210*w - 407. List the prime factors of j(51).
53, 281
Suppose 8386*h - 8414*h = -210672. What are the prime factors of h?
2, 3, 11, 19
Let m(y) = y**2 + 6*y - 217. Let k = -526 - -499. List the prime factors of m(k).
2, 5, 7
Suppose -152*l - 398427 + 1068705 = -2138530. List the prime factors of l.
17, 1087
Let d(k) = 669*k**2 + 406*k + 2814. What are the prime factors of d(-7)?
7, 4679
Suppose 25*g = 48*g - 69. Suppose -g*f - 27*a = -30*a - 3765, -a = 5*f - 6275. What are the prime factors of f?
5, 251
Suppose -3153 = -p + 2*m, -12636 = -4*p + 3*m - 7*m. List the prime factors of p.
7, 11, 41
Let h(d) = -855*d + 98. List the prime factors of h(-3).
2663
Let n(l) = -28*l + 160. Suppose -3*m - m = d + 9, -2*d - 33 = 5*m. What are the prime factors of n(d)?
2, 3
Let h(t) = -t**3 + 19*t**2 + 23*t - 58. Let x be h(20). Suppose 4*g - 3967 = -5*c, -12*g = -x*c - 10*g + 1576. What are the prime factors of c?
7, 113
Suppose 763369 = 64*w - 938909 - 133242. What are the prime factors of w?
2, 3, 5, 239
Suppose -5*w + 66 + 84 = 2*d, 5*d = -w + 53. Let m be 4*3/24*w. Let k = 65 + m. What are the prime factors of k?
79
Let y = 142722 + -81872. List the prime factors of y.
2, 5, 1217
Suppose -47*w + 24393 = -0*w. Suppose -3*z + 3*u + 1632 = 0, -z - 4*u + w = -0*u. List the prime factors of z.
7, 11
Let f = 6930 - 4802. List the prime factors of f.
2, 7, 19
Let z(b) = 375*b - 33. Let v be z(13). Suppose 0 = 6*u + 1602 - v. What are the prime factors of u?
2, 3, 5
List the prime factors of ((204 + -24)/(-18))/(-1 + (-21518)/(-21522)).
3, 5, 17, 211
List the prime factors of (-365824)/(-112) + 6/(-21).
2, 23, 71
Let f(i) = 7*i - 12. Let m be f(4). Let c = 11 - m. List the prime factors of -6 - (-2 - 2) - c.
3
Let p(z) = 15*z - 17. Suppose -3*h - 5*t = -6, -2*h + 3*t + 16 = -h. Suppose -13 - 78 = -h*s. List the prime factors of p(s).
2, 89
Let m = 7742 - 5494. What are the prime factors of m?
2, 281
Suppose 0 = 4*h - k - 7261, -5*h + k + 4516 = -4560. List the prime factors of (h/(-10))/((-1)/2).
3, 11
Suppose -108*m + 1501164 = 70*m + 81*m. List the prime factors of m.
2, 3, 7, 23
Suppose 2*n - 14 = 4. Suppose 0 = 4*b - n*b. Suppose 0 = -b*r - r - 5*k + 131, 3*k - 381 = -3*r. List the prime factors of r.
2, 3, 7
Let y(w) = -4*w - 2*w + w + w - 17. Let m be y(-5). Suppose 147 = m*p - 27. What are the prime factors of p?
2, 29
What are the prime factors of (-4719 + -2)*(4 + -5)?
4721
Let b = -78 - -71. What a